e factors of 3206690190.
2, 3, 5, 11, 3239081
What are the prime factors of 6814957158?
2, 3, 223, 1697797
List the prime factors of 22607260.
2, 5, 13, 86951
What are the prime factors of 82629677?
13, 59, 8287
What are the prime factors of 13540129?
29, 139, 3359
What are the prime factors of 54597968?
2, 3412373
What are the prime factors of 2750044688?
2, 547, 314219
What are the prime factors of 111611176?
2, 13951397
What are the prime factors of 170120658?
2, 3, 277, 102359
What are the prime factors of 244239504?
2, 3, 167, 30469
What are the prime factors of 15722096?
2, 13, 131, 577
List the prime factors of 51015356.
2, 7, 79, 23063
What are the prime factors of 2828199838?
2, 1414099919
What are the prime factors of 143408733?
3, 13, 3677147
List the prime factors of 3728809550.
2, 5, 74576191
What are the prime factors of 2793310524?
2, 3, 77591959
List the prime factors of 76611776.
2, 1197059
What are the prime factors of 51727889?
17, 157, 19381
List the prime factors of 2437841833.
7, 67, 5197957
What are the prime factors of 1001047861?
11, 91004351
List the prime factors of 4492006826.
2, 31, 67, 1081369
List the prime factors of 401460490.
2, 5, 3391, 11839
List the prime factors of 2360763147.
3, 786921049
List the prime factors of 85638757.
19, 37, 43, 2833
List the prime factors of 335006505.
3, 5, 17, 193, 2269
What are the prime factors of 696871119?
3, 7, 33184339
List the prime factors of 4698287202.
2, 3, 7, 229, 557, 877
List the prime factors of 39373853.
17, 43, 61, 883
List the prime factors of 395196915.
3, 5, 47, 97, 5779
What are the prime factors of 4236010075?
5, 11, 15403673
List the prime factors of 319419142.
2, 7, 3259379
What are the prime factors of 190776208?
2, 7, 43, 5659
What are the prime factors of 3469642960?
2, 5, 7, 383, 2311
List the prime factors of 1847761925.
5, 23, 3213499
List the prime factors of 79674552.
2, 3, 769, 1439
List the prime factors of 212033946.
2, 3, 43, 79, 101, 103
List the prime factors of 673793918.
2, 7, 41, 43, 27299
List the prime factors of 168451177.
3671, 45887
What are the prime factors of 151737468?
2, 3, 12644789
What are the prime factors of 463111722?
2, 3, 17, 504479
List the prime factors of 220016259.
3, 47, 163, 3191
What are the prime factors of 1423953367?
1423953367
List the prime factors of 127081841.
127081841
List the prime factors of 841120581.
3, 7, 659, 60779
List the prime factors of 261740711.
1567, 167033
What are the prime factors of 425425478?
2, 67, 3174817
List the prime factors of 273477270.
2, 3, 5, 11, 857, 967
List the prime factors of 40308370.
2, 5, 31, 130027
What are the prime factors of 191339339?
191339339
What are the prime factors of 1698105553?
67, 79, 320821
List the prime factors of 93369439.
19, 83, 59207
What are the prime factors of 37064275?
5, 181, 8191
What are the prime factors of 12390660?
2, 3, 5, 19, 3623
What are the prime factors of 1686434410?
2, 5, 31, 5440111
What are the prime factors of 29066485?
5, 7, 19, 109, 401
What are the prime factors of 2082236260?
2, 5, 13, 59, 149, 911
List the prime factors of 17646631.
17646631
List the prime factors of 341276528.
2, 21329783
List the prime factors of 53468903.
53468903
List the prime factors of 210212195.
5, 42042439
List the prime factors of 25382508.
2, 3, 59, 35851
What are the prime factors of 11015589?
3, 13, 21727
List the prime factors of 146270758.
2, 73135379
List the prime factors of 233743643.
7, 19, 47, 61, 613
List the prime factors of 1585909315.
5, 31, 41, 163, 1531
List the prime factors of 498354597.
3, 13, 1063, 4007
What are the prime factors of 251537856?
2, 3, 1310093
List the prime factors of 32041036.
2, 823, 9733
What are the prime factors of 2384473687?
23, 103672769
List the prime factors of 281065140.
2, 3, 5, 173497
List the prime factors of 6465548.
2, 19, 241, 353
What are the prime factors of 53849087?
401, 134287
List the prime factors of 14874146.
2, 7, 23, 6599
List the prime factors of 48283676.
2, 7, 1724417
List the prime factors of 3855918232.
2, 481989779
What are the prime factors of 2378507803?
7, 47, 97, 74531
What are the prime factors of 1101967028?
2, 89, 1223, 2531
What are the prime factors of 508834844?
2, 7, 18172673
What are the prime factors of 1198203715?
5, 239640743
List the prime factors of 3368045075.
5, 134721803
List the prime factors of 282882095.
5, 29, 277, 7043
List the prime factors of 2855914047.
3, 7, 45331969
List the prime factors of 120811308.
2, 3, 199, 50591
List the prime factors of 63193468.
2, 13, 19, 167, 383
What are the prime factors of 3535005173?
7, 15497, 32587
List the prime factors of 30909982.
2, 41, 59, 6389
List the prime factors of 565587617.
7, 80798231
List the prime factors of 393417751.
393417751
List the prime factors of 81591060.
2, 3, 5, 47, 28933
List the prime factors of 929931027.
3, 37, 8377757
What are the prime factors of 31677895?
5, 6335579
List the prime factors of 2819085033.
3, 71, 101, 131041
What are the prime factors of 1046374275?
3, 5, 2131, 6547
List the prime factors of 114262157.
114262157
List the prime factors of 2978894368.
2, 853, 109133
What are the prime factors of 13160031?
3, 271, 16187
List the prime factors of 751009695.
3, 5, 523, 95731
List the prime factors of 1582092219.
3, 71, 7427663
List the prime factors of 1680535022.
2, 103, 439, 18583
List the prime factors of 154733239.
109, 229, 6199
What are the prime factors of 8013929604?
2, 3, 37, 18049391
What are the prime factors of 328174832?
2, 2179, 9413
List the prime factors of 26619462.
2, 3, 53, 71, 131
List the prime factors of 14747346.
2, 3, 91033
What are the prime factors of 200759853?
3, 7, 9559993
What are the prime factors of 33931899?
3, 1256737
What are the prime factors of 6627236248?
2, 828404531
What are the prime factors of 16133636?
2, 4033409
What are the prime factors of 6898298503?
41, 547, 307589
What are the prime factors of 66223213?
7, 643, 14713
What are the prime factors of 53269309?
733, 72673
What are the prime factors of 16828519?
101, 166619
What are the prime factors of 435202539?
3, 145067513
List the prime factors of 1641624.
2, 3, 73, 937
What are the prime factors of 60139484?
2, 19, 791309
List the prime factors of 200057758.
2, 43, 1453, 1601
What are the prime factors of 831828526?
2, 101, 479, 8597
List the prime factors of 38196782.
2, 13, 53, 523
What are the prime factors of 238687645?
5, 7, 1433, 4759
List the prime factors of 413277640.
2, 5, 10331941
List the prime factors of 193946666.
2, 96973333
What are the prime factors of 1272395234?
2, 11, 57836147
What are the prime factors of 1883251607?
43, 43796549
List the prime factors of 751612836.
2, 3, 13, 29, 103, 1613
What are the prime factors of 945508693?
37, 83, 499, 617
List the prime factors of 1500978433.
17, 29, 79, 2267
List the prime factors of 190992228.
2, 3, 7, 1451, 1567
What are the prime factors of 2306200274?
2, 7, 71, 1319, 1759
What are the prime factors of 1318970142?
2, 3, 7, 3391
What are the prime factors of 103998500?
2, 5, 207997
List the prime factors of 237037036.
2, 31, 1911589
List the prime factors of 22679770.
2, 5, 2267977
List the prime factors of 1179281376.
2, 3, 7, 13, 53, 283
What are the prime factors of 4385048191?
42409, 103399
List the prime factors of 126853544.
2, 15856693
List the prime factors of 160876976.
2, 13, 773447
What are the prime factors of 2531950817?
11, 191, 1205117
What are the prime factors of 39022128?
2, 3, 59, 1531
What are the prime factors of 1237160783?
43, 28771181
List the prime factors of 44700897.
3, 1039, 14341
List the prime factors of 6140949927.
3, 7, 43, 6800609
List the prime factors of 13772605.
5, 7, 11, 83, 431
What are the prime factors of 5980014491?
11, 543637681
What are the prime factors of 4448897756?
2, 17, 173, 378179
List the prime factors of 5269135829.
4093, 1287353
What are the prime factors of 117913097?
117913097
List the prime factors of 349309104.
2, 3, 641, 11353
List the prime factors of 23098772.
2, 151, 167, 229
What are the prime factors of 491113240?
2, 5, 383, 32057
List the prime factors of 109865135.
5, 17, 23, 56197
List the prime factors of 93530030.
2, 5, 11, 850273
List the pri